8
What is the greatest common divisor of 128 and 32?
32
What is the highest common factor of 117 and 377?
13
What is the highest common divisor of 31 and 527?
31
What is the highest common factor of 96 and 156?
12
What is the greatest common factor of 323 and 34?
17
What is the greatest common factor of 5929 and 231?
77
Calculate the greatest common divisor of 1568 and 336.
112
Calculate the highest common divisor of 83 and 44.
1
What is the greatest common divisor of 11 and 1441?
11
Calculate the highest common factor of 58 and 2.
2
Calculate the greatest common divisor of 2178 and 18.
18
What is the highest common divisor of 485 and 3298?
97
Calculate the greatest common factor of 903 and 525.
21
What is the greatest common factor of 44 and 1606?
22
What is the greatest common factor of 8152 and 8?
8
What is the highest common factor of 264 and 24?
24
Calculate the greatest common factor of 296 and 12.
4
Calculate the highest common factor of 20 and 268.
4
Calculate the greatest common divisor of 1521 and 26.
13
What is the greatest common factor of 15 and 4920?
15
What is the highest common divisor of 168 and 54012?
84
Calculate the greatest common divisor of 1113 and 1431.
159
What is the greatest common divisor of 4 and 436?
4
Calculate the greatest common factor of 6383 and 13.
13
What is the greatest common divisor of 332 and 1?
1
Calculate the highest common divisor of 10 and 65810.
10
Calculate the greatest common factor of 15 and 5.
5
What is the greatest common factor of 1328 and 16?
16
Calculate the greatest common factor of 21 and 1239.
21
Calculate the highest common divisor of 6 and 114.
6
Calculate the greatest common divisor of 1 and 303.
1
Calculate the greatest common divisor of 3580 and 20.
20
What is the greatest common divisor of 44 and 192?
4
What is the greatest common divisor of 16272 and 24?
24
Calculate the highest common divisor of 1323 and 98.
49
Calculate the highest common divisor of 1694 and 42.
14
What is the greatest common factor of 45 and 63?
9
Calculate the highest common factor of 450 and 495.
45
What is the greatest common divisor of 798 and 210?
42
What is the greatest common factor of 5532 and 48?
12
What is the greatest common divisor of 945 and 35?
35
What is the highest common factor of 512 and 96?
32
What is the highest common divisor of 195 and 45?
15
Calculate the highest common factor of 1403 and 92.
23
What is the highest common factor of 48 and 25896?
24
Calculate the greatest common divisor of 14 and 742.
14
What is the highest common factor of 301 and 3096?
43
Calculate the greatest common divisor of 986 and 870.
58
Calculate the greatest common divisor of 2650 and 106.
106
Calculate the greatest common divisor of 35490 and 182.
182
What is the greatest common divisor of 1386 and 1001?
77
Calculate the highest common divisor of 1050 and 399.
21
Calculate the greatest common factor of 475 and 50.
25
What is the greatest common factor of 3 and 205?
1
What is the highest common divisor of 96 and 492?
12
Calculate the greatest common divisor of 1368 and 3344.
152
Calculate the highest common divisor of 10710 and 35.
35
Calculate the highest common divisor of 156 and 12.
12
What is the greatest common factor of 4 and 38?
2
What is the greatest common factor of 2860 and 143?
143
What is the greatest common divisor of 264 and 96?
24
Calculate the greatest common factor of 32 and 3472.
16
What is the greatest common factor of 308 and 220?
44
Calculate the highest common divisor of 43 and 688.
43
What is the highest common factor of 1372 and 245?
49
What is the highest common divisor of 324 and 5076?
108
What is the highest common factor of 1629 and 171?
9
What is the greatest common factor of 105 and 8295?
105
Calculate the greatest common divisor of 120 and 54.
6
What is the highest common factor of 6511 and 102?
17
Calculate the highest common factor of 64 and 672.
32
Calculate the highest common divisor of 300 and 80.
20
Calculate the highest common divisor of 44 and 5819.
11
What is the highest common factor of 15 and 1005?
15
What is the highest common divisor of 656 and 16?
16
Calculate the highest common factor of 555 and 15.
15
What is the highest common divisor of 4590 and 90?
90
What is the highest common factor of 630 and 25?
5
Calculate the highest common divisor of 2 and 2402.
2
What is the greatest common divisor of 148 and 324?
4
What is the greatest common divisor of 9 and 28125?
9
What is the highest common factor of 532 and 1960?
28
Calculate the greatest common divisor of 928 and 800.
32
What is the greatest common divisor of 7 and 3?
1
What is the highest common divisor of 56 and 6?
2
What is the highest common factor of 99 and 1023?
33
What is the highest common divisor of 14 and 791?
7
Calculate the highest common divisor of 437 and 19.
19
What is the highest common factor of 33 and 6?
3
What is the highest common divisor of 34 and 44098?
34
What is the greatest common divisor of 1926 and 535?
107
What is the greatest common divisor of 12 and 1308?
12
Calculate the greatest common factor of 304 and 190.
38
What is the highest common factor of 1200 and 1950?
150
What is the greatest common factor of 188 and 47?
47
What is the highest common factor of 51 and 7701?
51
Calculate the greatest common factor of 1048 and 4.
4
What is the highest common divisor of 1 and 306?
1
What is the greatest common factor of 2889 and 81?
27
Calculate the greatest common factor of 742 and 42.
14
Calculate the greatest common divisor of 6 and 246.
6
What is the highest common factor of 8005 and 5?
5
Calculate the highest common divisor of 278 and 63106.
278
What is the greatest common factor of 1562 and 66?
22
Calculate the greatest common factor of 180 and 3020.
20
Calculate the greatest common divisor of 201 and 469.
67
Calculate the greatest common divisor of 80 and 3296.
16
What is the greatest common divisor of 266 and 45087?
133
Calculate the highest common divisor of 8122 and 62.
62
Calculate the greatest common divisor of 13 and 3159.
13
Calculate the greatest common factor of 368 and 46.
46
Calculate the highest common factor of 234 and 156.
78
Calculate the greatest common factor of 30 and 9210.
30
What is the highest common divisor of 12 and 2028?
12
Calculate the highest common divisor of 600 and 95.
5
What is the highest common factor of 104 and 16?
8
Calculate the highest common divisor of 133 and 3857.
133
Calculate the greatest common factor of 16996 and 56.
28
Calculate the greatest common divisor of 2 and 1.
1
What is the greatest common factor of 2 and 46?
2
What is the highest common divisor of 210 and 30?
30
What is the highest common factor of 7 and 13643?
7
What is the highest common divisor of 1020 and 612?
204
Calculate the greatest common factor of 45 and 60.
15
Calculate the greatest common factor of 494 and 52.
26
Calculate the highest common divisor of 144 and 936.
72
Calculate the greatest common factor of 2775 and 600.
75
Calculate the highest common divisor of 65 and 55835.
65
Calculate the greatest common factor of 374 and 1683.
187
Calculate the greatest common divisor of 88 and 71720.
88
What is the greatest common factor of 28 and 3024?
28
What is the greatest common factor of 687 and 9?
3
Calculate the greatest common divisor of 4290 and 55.
55
What is the highest common factor of 12 and 70188?
12
What is the greatest common divisor of 180 and 1840?
20
Calculate the greatest common factor of 12 and 160.
4
What is the highest common factor of 697 and 41?
41
What is the highest common factor of 1390 and 20?
10
What is the greatest common factor of 109 and 3?
1
What is the highest common divisor of 11 and 6424?
11
Calculate the highest common divisor of 22191 and 78.
39
Calculate the highest common divisor of 676 and 1196.
52
Calculate the highest common factor of 1136 and 2130.
142
Calculate the highest common divisor of 448 and 91.
7
What is the highest common divisor of 24047 and 139?
139
Calculate the greatest common factor of 351 and 13.
13
Calculate the highest common divisor of 1122 and 204.
102
Calculate the highest common factor of 494 and 26.
26
What is the highest common divisor of 2448 and 1584?
144
What is the highest common factor of 889 and 21?
7
